2, 3, 5, 17
What are the prime factors of 6908?
2, 11, 157
What are the prime factors of 70425?
3, 5, 313
List the prime factors of 7806.
2, 3, 1301
List the prime factors of 225.
3, 5
What are the prime factors of 40091?
47, 853
List the prime factors of 2081.
2081
What are the prime factors of 353?
353
What are the prime factors of 8698?
2, 4349
List the prime factors of 20880.
2, 3, 5, 29
What are the prime factors of 4130?
2, 5, 7, 59
List the prime factors of 1455.
3, 5, 97
What are the prime factors of 1743?
3, 7, 83
List the prime factors of 38284.
2, 17, 563
What are the prime factors of 45235?
5, 83, 109
What are the prime factors of 493?
17, 29
What are the prime factors of 5609?
71, 79
List the prime factors of 10763.
47, 229
What are the prime factors of 860?
2, 5, 43
What are the prime factors of 2289?
3, 7, 109
List the prime factors of 61363.
61363
List the prime factors of 253.
11, 23
What are the prime factors of 592?
2, 37
What are the prime factors of 95156?
2, 23789
What are the prime factors of 15954?
2, 3, 2659
What are the prime factors of 75345?
3, 5, 5023
List the prime factors of 5800.
2, 5, 29
List the prime factors of 506.
2, 11, 23
What are the prime factors of 1268?
2, 317
What are the prime factors of 5383?
7, 769
What are the prime factors of 8713?
8713
What are the prime factors of 19301?
19301
List the prime factors of 3662.
2, 1831
List the prime factors of 5684.
2, 7, 29
List the prime factors of 794.
2, 397
List the prime factors of 6576.
2, 3, 137
List the prime factors of 19144.
2, 2393
List the prime factors of 82091.
103, 797
List the prime factors of 51541.
7, 37, 199
List the prime factors of 12962.
2, 6481
What are the prime factors of 69672?
2, 3, 2903
List the prime factors of 1329.
3, 443
What are the prime factors of 197?
197
List the prime factors of 6097.
7, 13, 67
List the prime factors of 11784.
2, 3, 491
What are the prime factors of 30394?
2, 7, 13, 167
What are the prime factors of 2532?
2, 3, 211
List the prime factors of 24886.
2, 23, 541
What are the prime factors of 929?
929
List the prime factors of 188507.
11, 17137
List the prime factors of 2634.
2, 3, 439
What are the prime factors of 936?
2, 3, 13
List the prime factors of 19662.
2, 3, 29, 113
What are the prime factors of 2859?
3, 953
List the prime factors of 761.
761
List the prime factors of 7100.
2, 5, 71
What are the prime factors of 1339?
13, 103
What are the prime factors of 132529?
132529
What are the prime factors of 1407?
3, 7, 67
What are the prime factors of 5473?
13, 421
What are the prime factors of 19681?
19681
What are the prime factors of 193274?
2, 41, 2357
List the prime factors of 3334.
2, 1667
What are the prime factors of 9775?
5, 17, 23
What are the prime factors of 2109?
3, 19, 37
What are the prime factors of 8301?
3, 2767
What are the prime factors of 104356?
2, 7, 3727
What are the prime factors of 1529?
11, 139
What are the prime factors of 3982?
2, 11, 181
List the prime factors of 557.
557
What are the prime factors of 210?
2, 3, 5, 7
List the prime factors of 12663.
3, 7, 67
What are the prime factors of 34701?
3, 43, 269
List the prime factors of 52625.
5, 421
List the prime factors of 19892.
2, 4973
What are the prime factors of 3329?
3329
What are the prime factors of 1199?
11, 109
List the prime factors of 28711.
28711
What are the prime factors of 55751?
197, 283
List the prime factors of 1093.
1093
List the prime factors of 516.
2, 3, 43
List the prime factors of 2198.
2, 7, 157
What are the prime factors of 162?
2, 3
List the prime factors of 1200.
2, 3, 5
List the prime factors of 10609.
103
What are the prime factors of 920?
2, 5, 23
List the prime factors of 20055.
3, 5, 7, 191
What are the prime factors of 123?
3, 41
List the prime factors of 8552.
2, 1069
List the prime factors of 2629.
11, 239
List the prime factors of 7484.
2, 1871
What are the prime factors of 1253?
7, 179
List the prime factors of 31006.
2, 37, 419
List the prime factors of 2383.
2383
What are the prime factors of 23706?
2, 3, 439
List the prime factors of 7341.
3, 2447
What are the prime factors of 1017?
3, 113
What are the prime factors of 2045?
5, 409
What are the prime factors of 12933?
3, 479
List the prime factors of 9970.
2, 5, 997
List the prime factors of 7165.
5, 1433
List the prime factors of 75388.
2, 47, 401
What are the prime factors of 36331?
47, 773
List the prime factors of 5788.
2, 1447
What are the prime factors of 44725?
5, 1789
What are the prime factors of 119?
7, 17
What are the prime factors of 3017?
7, 431
List the prime factors of 908.
2, 227
What are the prime factors of 86?
2, 43
What are the prime factors of 4983?
3, 11, 151
What are the prime factors of 2933?
7, 419
List the prime factors of 10821.
3, 3607
List the prime factors of 2810.
2, 5, 281
What are the prime factors of 5028?
2, 3, 419
List the prime factors of 28948.
2, 7237
What are the prime factors of 155781?
3, 19, 911
What are the prime factors of 1759?
1759
List the prime factors of 5109.
3, 13, 131
What are the prime factors of 1063?
1063
What are the prime factors of 60963?
3, 7, 2903
What are the prime factors of 1089?
3, 11
What are the prime factors of 2397?
3, 17, 47
List the prime factors of 1327.
1327
What are the prime factors of 1486?
2, 743
What are the prime factors of 48739?
17, 47, 61
List the prime factors of 1146.
2, 3, 191
List the prime factors of 6090.
2, 3, 5, 7, 29
What are the prime factors of 1396?
2, 349
List the prime factors of 2501.
41, 61
List the prime factors of 6466.
2, 53, 61
List the prime factors of 1006.
2, 503
List the prime factors of 64006.
2, 32003
List the prime factors of 132.
2, 3, 11
What are the prime factors of 97125?
3, 5, 7, 37
List the prime factors of 2533.
17, 149
List the prime factors of 2315.
5, 463
What are the prime factors of 22476?
2, 3, 1873
What are the prime factors of 10763?
47, 229
List the prime factors of 5575.
5, 223
What are the prime factors of 1581?
3, 17, 31
What are the prime factors of 33530?
2, 5, 7, 479
List the prime factors of 11606.
2, 7, 829
What are the prime factors of 22648?
2, 19, 149
What are the prime factors of 122722?
2, 43, 1427
List the prime factors of 35994.
2, 3, 7, 857
What are the prime factors of 2134?
2, 11, 97
List the prime factors of 21633.
3, 7211
What are the prime factors of 100260?
2, 3, 5, 557
What are the prime factors of 1832?
2, 229
List the prime factors of 473.
11, 43
List the prime factors of 446.
2, 223
What are the prime factors of 5420?
2, 5, 271
What are the prime factors of 49284?
2, 3, 37
List the prime factors of 12642.
2, 3, 7, 43
What are the prime factors of 8682?
2, 3, 1447
List the prime factors of 115330.
2, 5, 19, 607
List the prime factors of 7096.
2, 887
List the prime factors of 25757.
43, 599
What are the prime factors of 6128?
2, 383
List the prime factors of 1807.
13, 139
List the prime factors of 5418.
2, 3, 7, 43
What are the prime factors of 22376?
2, 2797
List the prime factors of 283.
283
List the prime factors of 269.
269
What are the prime factors of 4252?
2, 1063
List the prime factors of 19015.
5, 3803
List the prime factors of 7006.
2, 31, 113
What are the prime factors of 25889?
25889
What are the prime factors of 27430?
2, 5, 13, 211
List the prime factors of 149.
149
What are the prime factors of 13729?
13729
What are the prime factors of 21625?
5, 173
List the prime factors of 4953.
3, 13, 127
What are the prime factors of 84?
2, 3, 7
List the prime factors of 8916.
2, 3, 743
What are the prime factors of 1015?
5, 7, 29
List the prime factors of 15107.
15107
What are the prime factors of 9560?
2, 5, 239
List the prime factors of 139126.
2, 13, 5351
List the prime factors of 4181.
37, 113
List the prime factors of 12534.
2, 3, 2089
List the prime factors of 43834.
2, 7, 31, 101
What are the prime factors of 1189?
29, 41
What are the prime factors of 11600?
2, 5, 29
What are the prime factors of 1389?
3, 463
What are the prime factors of 22326?
2, 3, 61
List the prime factors of 131108.
2, 73, 449
List the prime factors of 6568.
2, 821
List the prime factors of 92277.
3, 10253
List the prime factors of 77067.
3, 8563
List the prime factors of 1121.
19, 59
List the prime factors of 